50928279?
8
What is the hundred thousands digit of 392994506?
9
What is the hundred thousands digit of 1945200180?
2
What is the tens digit of 90693762?
6
What is the ten millions digit of 72530573?
7
What is the millions digit of 32500941?
2
What is the millions digit of 82386712?
2
What is the millions digit of 42982186?
2
What is the hundreds digit of 41877926?
9
What is the hundred thousands digit of 691072164?
0
What is the ten millions digit of 12104419?
1
What is the ten thousands digit of 124432262?
3
What is the ten thousands digit of 109127966?
2
What is the units digit of 1052784646?
6
What is the millions digit of 3757403803?
7
What is the units digit of 207092130?
0
What is the units digit of 254628114?
4
What is the millions digit of 595790245?
5
What is the ten thousands digit of 145006113?
0
What is the ten millions digit of 340232724?
4
What is the tens digit of 2343150799?
9
What is the units digit of 928522927?
7
What is the thousands digit of 1225374448?
4
What is the units digit of 56773119?
9
What is the hundred thousands digit of 210054238?
0
What is the hundred thousands digit of 125897194?
8
What is the units digit of 244316616?
6
What is the hundred thousands digit of 44184886?
1
What is the hundred millions digit of 5356533460?
3
What is the hundreds digit of 51648062?
0
What is the thousands digit of 8230768361?
8
What is the hundreds digit of 1352709700?
7
What is the millions digit of 187697415?
7
What is the hundred millions digit of 159135419?
1
What is the hundred millions digit of 422930970?
4
What is the units digit of 383894935?
5
What is the millions digit of 26380338?
6
What is the ten millions digit of 477080225?
7
What is the units digit of 86982628?
8
What is the tens digit of 29936781?
8
What is the millions digit of 32843251?
2
What is the ten millions digit of 48946115?
4
What is the ten thousands digit of 5682529438?
2
What is the units digit of 61982629?
9
What is the thousands digit of 24940202?
0
What is the hundreds digit of 12787924?
9
What is the hundred thousands digit of 52237699?
2
What is the hundreds digit of 38848159?
1
What is the hundred millions digit of 107465344?
1
What is the units digit of 413060842?
2
What is the hundred millions digit of 1958494724?
9
What is the hundreds digit of 398079735?
7
What is the ten thousands digit of 239836579?
3
What is the hundred thousands digit of 247310237?
3
What is the hundreds digit of 2448221?
2
What is the tens digit of 52757278?
7
What is the units digit of 737592289?
9
What is the hundred millions digit of 765297910?
7
What is the millions digit of 72554414?
2
What is the tens digit of 1530427019?
1
What is the thousands digit of 18422312?
2
What is the hundreds digit of 21159701?
7
What is the units digit of 16524229?
9
What is the hundred thousands digit of 243449361?
4
What is the thousands digit of 3359595496?
5
What is the tens digit of 460373744?
4
What is the billions digit of 1460771643?
1
What is the millions digit of 1626533745?
6
What is the tens digit of 159944002?
0
What is the units digit of 977387953?
3
What is the billions digit of 1479421175?
1
What is the hundreds digit of 79016324?
3
What is the units digit of 2911068463?
3
What is the hundreds digit of 36364025?
0
What is the units digit of 225930895?
5
What is the ten thousands digit of 36996316?
9
What is the ten millions digit of 6174599937?
7
What is the units digit of 380658352?
2
What is the thousands digit of 179932329?
2
What is the ten thousands digit of 128401517?
0
What is the hundred thousands digit of 15281328?
2
What is the hundred millions digit of 304410150?
3
What is the ten millions digit of 800209331?
0
What is the ten millions digit of 555722210?
5
What is the ten thousands digit of 21600862?
0
What is the thousands digit of 565786278?
6
What is the hundred millions digit of 449551562?
4
What is the hundred millions digit of 197701087?
1
What is the ten millions digit of 39113089?
3
What is the hundred thousands digit of 243028910?
0
What is the hundreds digit of 1293666010?
0
What is the hundred thousands digit of 2264966117?
9
What is the hundred thousands digit of 9411653?
4
What is the ten millions digit of 42588204?
4
What is the hundreds digit of 2890652?
6
What is the ten millions digit of 1241804261?
4
What is the ten thousands digit of 2430875522?
7
What is the units digit of 436939868?
8
What is the units digit of 49854104?
4
What is the tens digit of 168644359?
5
What is the units digit of 138750722?
2
What is the units digit of 1246176967?
7
What is the hundred thousands digit of 60240614?
2
What is the millions digit of 38177956?
8
What is the units digit of 63752545?
5
What is the tens digit of 33741527?
2
What is the hundred millions digit of 252027913?
2
What is the hundreds digit of 2389107596?
5
What is the hundreds digit of 787884071?
0
What is the tens digit of 4819598844?
4
What is the tens digit of 1800878881?
8
What is the units digit of 64220616?
6
What is the ten millions digit of 2366593662?
6
What is the millions digit of 113049461?
3
What is the millions digit of 116786736?
6
What is the ten millions digit of 124359265?
2
What is the millions digit of 100893037?
0
What is the hundred thousands digit of 113836355?
8
What is the ten thousands digit of 25616293?
1
What is the billions digit of 1561164620?
1
What is the ten millions digit of 49099565?
4
What is the ten thousands digit of 389378664?
7
What is the millions digit of 150698090?
0
What is the hundred millions digit of 369166654?
3
What is the thousands digit of 21033234?
3
What is the hundred thousands digit of 706348645?
3
What is the tens digit of 796073259?
5
What is the hundred thousands digit of 30149271?
1
What is the hundred millions digit of 123467230?
1
What is the hundred thousands digit of 52104549?
1
What is the units digit of 105914251?
1
What is the hundreds digit of 186712698?
6
What is the millions digit of 84261816?
4
What is the tens digit of 290106938?
3
What is the billions digit of 1361577171?
1
What is the units digit of 1096816042?
2
What is the hundred thousands digit of 248536226?
5
What is the hundreds digit of 24418330?
3
What is the hundred thousands digit of 44937133?
9
What is the ten millions digit of 206958073?
0
What is the hundreds digit of 167347577?
5
What is the ten millions digit of 3102850653?
0
What is the tens digit of 62813756?
5
What is the hundreds digit of 542780900?
9
What is the hundred millions digit of 552121621?
5
What is the tens digit of 1360736116?
1
What is the hundreds digit of 188351062?
0
What is the hundreds digit of 79091198?
1
What is the hundred millions digit of 623551422?
6
What is the tens digit of 926386871?
7
What is the units digit of 345505253?
3
What is the hundreds digit of 71182980?
9
What is the hundreds digit of 489576516?
5
What is the tens digit of 39633034?
3
What is the ten thousands digit of 2510916891?
1
What is the billions digit of 1095142105?
1
What is the units digit of 1008446405?
5
What is the hundred thousands digit of 1595979046?
9
What is the tens digit of 38079390?
9
What is the units digit of 9114775?
5
What is the millions digit of 9442445?
9
What is the thousands digit of 6178861337?
1
What is the ten millions digit of 96913419?
9
What is the billions digit of 5198933805?
5
What is the tens digit of 42739974?
7
What is the millions digit of 15968152?
5
What is the millions digit of 15142903?
5
What is the units digit of 4209562922?
2
What is the millions digit of 37229692?
7
What is the thousands digit of 5455107920?
7
What is the hundred thousands digit of 236660150?
6
What is the units digit of 370827629?
9
What is the ten millions digit of 1632080097?
3
What is the hundred millions digit of 979340350?
9
What is the ten thousands digit of 266461300?
6
What is the units digit of 111142070?
0
What is the millions digit of 1778641897?
8
What is the ten millions digit of 379122999?
7
What is the thousands digit of 47770516?
0
What is the hundred thousands digit of 114893668?
8
What is the millions digit of 9531509?
9
What is the units digit of 1393802898?
8
What is the thousands digit of 1624002445?
2
What is the units digit of 101637328?
8
What is the ten millions digit 